. Give k(-190).
23
Let x(g) = -g**2 + 569*g + 2863. Calculate x(-5).
-7
Let s(i) = 6*i**2 + 382*i - 20911. Calculate s(-100).
889
Let f(u) = -9*u**2 - 4122*u + 50766. Give f(12).
6
Let w(v) = -51*v + 1332. What is w(40)?
-708
Let u(l) = l**3 - 55*l**2 + 64*l + 17. Determine u(54).
557
Let l(p) = p**2 + 211*p - 31130. Calculate l(100).
-30
Let z(o) = -o**3 - 22*o**2 + 4865*o + 115585. Give z(-24).
-23
Let z(k) = -4*k**2 + 542*k + 4265. What is z(143)?
-25
Let z(t) = -t**2 - 84*t - 426. What is z(-7)?
113
Let y(g) = 578*g + 27654. What is y(-48)?
-90
Let d(n) = -26*n**2 - 504*n - 208. Calculate d(-19).
-18
Let v(r) = -5*r**2 + 8215*r + 115055. Give v(-14).
-935
Let x(j) = -2*j**2 + 1690*j + 39936. Give x(-23).
8
Let q(w) = -297*w + 17548. Calculate q(59).
25
Let q(r) = -r**3 - 24*r**2 - 27*r + 916. Determine q(-12).
-488
Let f(r) = -r**3 - 22*r**2 - 39*r + 42. Give f(-21).
420
Let f(m) = m**2 + 536*m - 558421. Give f(-1062).
191
Let q(o) = -13137*o - 78763. What is q(-6)?
59
Let w(r) = 2765*r - 1338281. Determine w(484).
-21
Let h(v) = 5*v**2 + 2027*v + 38556. Give h(-20).
16
Let f(o) = -2*o**3 + 7*o**2 + 1321*o - 5278. Give f(4).
-10
Let k(o) = 590*o - 2843. Give k(5).
107
Let g(m) = -928*m + 21651. Calculate g(21).
2163
Let q(d) = -d**2 - 38*d + 553. Give q(19).
-530
Let y(g) = g**2 - 119*g - 883. Determine y(-8).
133
Let f(p) = 4*p**2 - 6658*p - 2943939. Calculate f(-363).
-9
Let h(q) = -66*q - 291. What is h(-4)?
-27
Let l(y) = -10*y**3 + 433*y**2 - 579*y + 1385. Determine l(42).
-1
Let a(j) = -9993*j + 89946. Determine a(9).
9
Let b(r) = 14440*r + 230790. Give b(-16).
-250
Let t(z) = 2*z**2 - 1110*z + 56. Determine t(0).
56
Let j(p) = 233*p - 8683. Determine j(39).
404
Let k(f) = -320*f**2 + 422*f - 2. Determine k(0).
-2
Let p(z) = -7*z**3 + 50*z**2 + 62*z - 112. Determine p(8).
0
Let z(b) = 1553*b - 26317. Calculate z(17).
84
Let a(s) = -s**2 + 3219*s + 2225352. What is a(-585)?
12
Let w(j) = 40770*j - 1019196. What is w(25)?
54
Let v(q) = 5*q**3 + 9*q**2 - 90*q + 21. Calculate v(6).
885
Let h(p) = -10*p**2 + 269*p + 577. Determine h(29).
-32
Let g(f) = 2*f**3 + 14*f**2 + 22*f + 321. Calculate g(-9).
-201
Let b(y) = -566*y - 333481. What is b(-589)?
-107
Let g(w) = -4*w**2 + 82*w - 139. Determine g(26).
-711
Let r(p) = -p**3 + 59*p**2 - 385*p + 9200. Determine r(55).
125
Let c(q) = -q**2 - 389*q - 1516. Determine c(-4).
24
Let t(c) = c**3 + 79*c**2 - 2346*c - 131. What is t(-102)?
-131
Let m(j) = -j**3 + 93*j**2 + j + 40. Give m(0).
40
Let k(n) = 578*n + 21316. Calculate k(-37).
-70
Let d(h) = h**2 - 15821*h + 631291. Determine d(40).
51
Let f(q) = 7*q**2 - 88*q - 173. Give f(8).
-429
Let z(g) = g**3 + 36*g**2 + 332*g + 745. Give z(-10).
25
Let g(y) = y**2 - 1979*y + 250651. What is g(136)?
3
Let d(u) = 5*u**3 - 742*u**2 + 391*u - 14062. Give d(148).
-2
Let u(m) = -123*m**2 + 449*m + 2871. What is u(7)?
-13
Let r(c) = -106*c**2 + 9738*c - 9736. Give r(1).
-104
Let y(o) = -1329*o - 95760. Determine y(-72).
-72
Let a(b) = -99*b**3 - 936*b**2 - 2067*b - 87. What is a(-6)?
3
Let b(c) = 2653*c + 591907. Determine b(-223).
288
Let o(z) = -3*z**3 - 43*z**2 - 10*z - 115. Calculate o(-15).
485
Let m(s) = -s**2 + 233631*s + 6776146. What is m(-29)?
6
Let l(s) = 179*s**2 - 1014*s - 1010. What is l(-1)?
183
Let v(s) = -2*s**2 + 2910*s + 78891. What is v(-27)?
-1137
Let t(o) = -o**3 - 65*o**2 + 454*o + 1749. What is t(-71)?
-239
Let v(k) = 1008*k - 958. Determine v(1).
50
Let g(o) = 556*o + 19354. Determine g(-34).
450
Let n(d) = 3*d**2 + 96*d - 69555. Give n(137).
-96
Let x(j) = 4*j**2 + 158*j + 2436. Give x(-13).
1058
Let h(x) = 2*x**3 - 191*x**2 - 317*x + 2586. Calculate h(97).
64
Let y(f) = 48*f**2 + 1236*f + 400. Determine y(-25).
-500
Let a(s) = -15870*s + 24. Give a(0).
24
Let p(u) = -197*u**2 + 2551*u + 95. What is p(13)?
-35
Let k(g) = -g**3 - 15*g**2 + 64*g - 1. What is k(10)?
-1861
Let v(d) = 6820*d - 13304. Give v(2).
336
Let y(p) = 2*p**3 + 346*p**2 + 947*p - 12422. Give y(-170).
-12
Let a(l) = 36501*l - 109553. Calculate a(3).
-50
Let z(g) = -40228*g + 120674. Give z(3).
-10
Let x(u) = 12*u**3 - 5468*u**2 - 12817*u - 3195. Give x(458).
11
Let z(v) = v**3 + 6*v**2 - 21599*v + 142. Determine z(-150).
-8
Let x(k) = -3996*k + 139825. Calculate x(35).
-35
Let v(h) = -1324*h + 15947. Give v(12).
59
Let j(z) = z**3 - 1640*z**2 + 22772*z - 214. Calculate j(14).
-102
Let v(f) = 3589*f - 114940. Give v(32).
-92
Let b(a) = -6*a**3 + 10*a**2 - 16*a - 68. Calculate b(-5).
1012
Let r(c) = -17*c**2 + 178*c - 333. Give r(8).
3
Let h(c) = 58762*c - 293795. What is h(5)?
15
Let w(u) = -u**3 - 143*u**2 + 373*u - 9503. What is w(-146)?
-13
Let p(v) = -532*v - 168846. What is p(-320)?
1394
Let b(t) = -10*t**2 + 1622*t - 484. Determine b(162).
-160
Let k(j) = -6295*j**2 + 32048*j - 2870. Give k(5).
-5
Let c(g) = -463339*g - 5096717. What is c(-11)?
12
Let g(h) = -665*h - 66498. Determine g(-100).
2
Let w(l) = 3*l**2 - 56*l - 11825. Calculate w(-55).
330
Let t(s) = 1668*s - 19261. Determine t(12).
755
Let v(s) = 62331*s + 623321. What is v(-10)?
11
Let l(q) = 3063*q + 33700. Determine l(-11).
7
Let j(x) = -231*x + 1163. Give j(5).
8
Let x(y) = -178*y**3 - 119*y**2 + 62*y - 3. What is x(-1)?
-6
Let w(v) = -409*v - 15335. Calculate w(-39).
616
Let i(y) = -54*y**2 - 53*y - 137. Give i(-3).
-464
Let y(n) = 325*n - 57532. What is y(177)?
-7
Let w(c) = -13656*c - 1829908. Determine w(-134).
-4
Let b(y) = y**3 + 788*y**2 + 18*y + 17. What is b(0)?
17
Let h(u) = -966*u**2 + 9*u - 4. What is h(1)?
-961
Let n(g) = 1571*g - 81677. Calculate n(52).
15
Let p(a) = a**3 + 12*a**2 + 33*a + 28. Determine p(-9).
-26
Let h(p) = -p**2 + 471*p - 32540. Calculate h(84).
-32
Let y(g) = g**3 + 41*g**2 - 18330*g - 734807. What is y(-40)?
-7
Let k(n) = 78*n**2 - 2182*n - 65. Give k(28).
-9
Let g(a) = -3*a**3 - 375*a**2 + 420*a + 452. What is g(-126)?
-4840
Let b(y) = -6*y**3 + 505*y**2 - 65*y - 1604. Determine b(84).
-8
Let t(f) = -60870*f + 61985. Calculate t(1).
1115
Let u(i) = 27*i**3 + i**2 + 3953*i + 7900. Give u(-2).
-218
Let o(f) = 3*f**3 + 250*f**2 + 2811*f - 1408. What is o(-14)?
6
Let n(r) = -r**2 + 1881*r + 2158734. Calculate n(-804).
-6
Let y(u) = 2*u**2 + 474*u + 7830. Determine y(-18).
-54
Let g(u) = -41*u**3 - 29*u**2 - 53*u + 62. Give g(-5).
4727
Let w(n) = 16*n**2 + 3934*n - 573. Calculate w(-246).
-81
Let o(q) = q**2 + 154965*q - 619852. Calculate o(4).
24
Let h(z) = 289*z - 32650. Calculate h(113).
7
Let d(g) = -7*g**3 - 43*g**2 + 131*g + 814. What is d(-6)?
-8
Let f(k) = k**2 - 1183*k + 157582. Calculate f(1030).
-8
Let m(b) = -b**3 + 336*b**2 - 896*b + 301055. Determine m(336).
-1
Let o(l) = -14637*l - 58529. What is o(-4)?
19
Let h(v) = -24*v**2 + 2881*v - 994. What is h(120)?
-874
Let u(f) = -f**2 - 149*f - 3181. Give u(-39).
1109
Let b(z) = 600*z + 35886. Calculate b(-59).
486
Let m(c) = -c**3 + 162*c**2 + 991*c + 1109. Determine m(168).
-1747
Let q(n) = -n**3 - 128*n**2 + 1010*n + 97430. What is q(-130)?
-70
Let n(s) = -14*s**3 - 3*s**2 - 281*s - 1073. Give n(-4).
899
Let j(m) = -37272*m + 5. What is j(0)?
5
Let p(a) = 5*a**3 - 41*a**2 - 27*a + 277. What is p(8)?
-3
Let p(i) = 252*i + 4621. Determine p(-18).
85
Let v(x) = -1921*x + 40418. Determine v(21).
77
Let d(k) = -k**3 + 54*k**2 - 55*k + 44. Calculate d(53).
-62
Let j(v) = -v**2 - 551*v + 28773. Determine j(48).
21
Let w(u) = -37611*u - 3685890. Give w(-98).
-12
Let k(n) = -n**2 - 509*n + 1231. What is k(0)?
1231
Let d(o) = -16*o + 675. Determine d(-51).
1491
Let w(b) = 2667*b - 109330. Give w(41).
17
Let p(f) = 39223*f - 862606. Give p(22).
300
Let b(c) = c**3 + 7*c**2 + 100*c + 1168. Calculate b(-13).
-1146
Let q(h) = -29*h**2 - 110*h + 1595. Calculate q(7).
-596
Let c(t) = 7267*t - 1264479. Give c(174).
-21
Let j(u) = -88*u**2 + 1888*u - 1890. Determine j(1).
-90
Let y(z) = -151*z - 19999. Determine y(-131).
-218
Let a(k) = -k**3 + 19*k**2 + 160*k - 2919. Calculate a(19).
121
Let q(z) = -680431*z - 46949740. Determine q(-69).
-1
Let o(i) = -1259*i - 2130. What is o(-3)?
1647
Let o(z) = 8*z**2 + 1419*z + 62576. Calculate o(-95).
-29
Let x(d) = 10*d**2 + 61128*d - 122266. Calculate x(2).
30
Let w(x) = -37*x**2 + 1297*x - 71. What is w(35)?
-1
Let s(j) = 14564*j + 495171. Determine s(-34).
-5
Let v(b)